et r be (-2)/(-14) + 125/t. Let v = -10 + r. Calculate the highest common divisor of 56 and v.
8
Suppose -12*u = 247 - 1339. What is the greatest common factor of 26 and u?
13
Let q be (21 - (-1 - -1)) + (-355)/71. Calculate the greatest common factor of 656 and q.
16
Suppose -24 = 6*r - 7*r. Let h be r/30*(7 + -2). Suppose -7 = -l - n - 0, -h*l + n = -38. What is the highest common divisor of l and 27?
9
Let o(s) = 2*s**2 + 16*s + 91. Let w be o(-13). What is the highest common divisor of w and 17?
17
Let y be (2/6)/(5/(-15)). Let u be (-1)/(((-3)/(-9))/y). Suppose g - 2*a = 1, 3*a + 14 = 7*g - u*g. What is the greatest common factor of g and 45?
5
Let q be (-5066)/(-30) - (-10)/75. What is the greatest common divisor of q and 65?
13
Suppose -5*n - 1 = -a + 1, 0 = 3*a + 2*n - 74. Let m = -1882 - -1992. Calculate the highest common divisor of a and m.
22
Let v = 439 + -345. Calculate the greatest common divisor of v and 376.
94
Let y be 1 + 204 + -3 - -7. Calculate the highest common factor of 247 and y.
19
Let x be (-459375)/(-882) + 2 + 34/(-12). Calculate the greatest common factor of 10 and x.
10
Suppose -o + 1 = 0, 8*o + 85 = 4*v + 13*o. What is the greatest common divisor of 1060 and v?
20
Suppose 0*u = -11*u + 231. Let y = u + -14. What is the greatest common divisor of 56 and y?
7
Suppose -68 = -5*d - 2*p, 0 = 4*d + p - 12 - 40. Calculate the greatest common factor of 960 and d.
12
Let i(h) = -h - 9. Let n be i(-7). Let s be (n/6)/(5/75). Let y be (s + 6)/(1/72). Calculate the highest common factor of 9 and y.
9
Let f = 47 - -1. Let b = 1513 + -1501. What is the highest common factor of b and f?
12
Suppose 4*a - 240 = 7*a. Let v = a + 86. Calculate the highest common factor of v and 6.
6
Suppose -5*u + 6 = -3*u. Let c = 4 - u. Let s = 460 - 458. What is the greatest common divisor of s and c?
1
Suppose -5 = 5*a, -4*d + 2*a - 226 = -8*d. Let r(f) = 14*f - 4. Let j be r(3). What is the highest common divisor of d and j?
19
Suppose 0 = 3*w - 5*o + 11, 3 + 8 = w + 2*o. Suppose -h + 0*h = -1, w*z + 3*h - 93 = 0. Calculate the greatest common factor of z and 6.
6
Let n be 40/(-12)*3*-9. Suppose 3*k + n = 3*d, 5*d - 2*k - 2*k - 153 = 0. Calculate the highest common factor of d and 132.
33
Let o(i) = 7*i + 2 - 1 - 3. Let q be o(2). Suppose 0 = 4*k - c - 242, 0 = -42*c + 39*c - 6. What is the greatest common divisor of k and q?
12
Suppose 2055*q - 624 = 2049*q. What is the greatest common factor of q and 32?
8
Let u be 54 - 8*2/(-4). Suppose u + 14 = -3*d. Let z be -153*(d/(-9) - 3). Calculate the highest common factor of z and 17.
17
Let v = 113 - 81. What is the greatest common factor of v and 1?
1
Suppose 4 = -2*p + 6*p. Suppose 12*d - 5*d = 63. What is the greatest common divisor of p and d?
1
Suppose -6*a + 2*l + 110 = -3*a, a = -3*l + 33. What is the greatest common factor of 372 and a?
12
Let j be (28 - -1) + 9 + -13. Suppose r = -7 + j. What is the highest common factor of r and 144?
18
Suppose 182*v = 186*v - 4144. What is the highest common divisor of v and 37?
37
Let q = -237 - -534. Calculate the highest common divisor of 11 and q.
11
Suppose f + 7 = 4*q, 5*f + 2*q = 9*f - 28. What is the greatest common factor of f and 24?
3
Suppose 0 = -44*l + 9957 + 2627. Calculate the highest common divisor of 91 and l.
13
Suppose 5*h + 4*t - 75 = 0, 80 - 10 = 5*h + 3*t. Let k = 31 - h. What is the highest common divisor of 10 and k?
10
Suppose -785 = -3*b + 79. What is the greatest common divisor of 18 and b?
18
Let q(x) = -x**3 + 16*x**2 + 5*x - 1. Let s be q(16). Suppose 0 = -2*z + 4*c + 16, -2*z + 5*c = -5*z + s. Calculate the greatest common divisor of z and 36.
18
Let j = -60 - -102. What is the greatest common divisor of j and 28?
14
Suppose 4*g - u - 704 + 239 = 0, -2*g = -3*u - 245. Calculate the greatest common divisor of g and 23.
23
Suppose 79*q = 68*q + 1188. Let c be 0 - 27/(-2)*2. Calculate the greatest common factor of c and q.
27
Let w = 45 + -41. Let a be (-170)/(-40) + (-1)/w. What is the greatest common factor of 36 and a?
4
Suppose 10*n - 7*n = 0. Suppose n = 7*y - 6*y - 4. Suppose y*w + 0*w - 40 = 0. What is the greatest common factor of 5 and w?
5
Let w(k) = 2*k**3 - 4*k**2 - 4*k + 2. Let t be w(3). Let r be (28/t*5)/((-1)/(-2)). Calculate the greatest common factor of r and 7.
7
Suppose -24 = -c - 4*v, -3*c + 22 = -v - 11. Let l = -8 + c. Let s be -21*l/(-3)*6. What is the greatest common factor of 24 and s?
24
Suppose 786 = 36*b - 30*b. Let l(h) = -24*h**2 - 3*h - 1. Let u be l(-2). Let z = u + b. What is the greatest common factor of z and 10?
10
Let g(c) = -3*c**3 - 18*c**2 + 17*c + 4. Let r be g(-7). Suppose -5*j + 89 - 9 = 0. What is the greatest common divisor of r and j?
16
Let s(a) = 7 + 16*a - 22*a + 24. Let q be s(-9). Calculate the greatest common divisor of 34 and q.
17
Let v be -2 + -5 - 4/4. Let x(i) = i**3 + 11*i**2 + i + 8. Let u be x(v). Calculate the highest common factor of u and 24.
24
Let b = 18 + -9. Let q(i) = -i**2 - 6*i - 3. Let s be q(-4). Suppose -s*x + 9 = -6. What is the highest common factor of b and x?
3
Let g(h) = -h**2 - 7*h - 5. Let c be g(-4). Let b = c - -12. Let l be 4/30 - 566/(-30). What is the greatest common factor of l and b?
19
Let v(n) = -n**2. Let g be v(-1). Let u be (-6 + g)/(1/(-6)). Let k be (u/2)/((-9)/(-66)). Calculate the greatest common factor of k and 14.
14
Suppose a - 6*v + 9*v - 344 = 0, -3*v = 3*a - 1044. What is the greatest common factor of 140 and a?
70
Let t = -840 - -909. What is the greatest common factor of 33 and t?
3
Let r be -257*((-4)/6)/(4/6). Let s = r - 117. Calculate the greatest common divisor of 28 and s.
28
Let n = 156 - 149. What is the highest common divisor of n and 1141?
7
Let z be 115/3 - (-10)/(-30). Calculate the greatest common factor of z and 437.
19
Let t = 63 - 28. Suppose -11*p - 2 = -2*r - 9*p, -r - 4*p = -21. Calculate the highest common factor of r and t.
5
Let o(a) = 319*a - 7. Let y be o(1). Calculate the greatest common factor of 48 and y.
24
Let j = 1271 - 829. What is the greatest common factor of 34 and j?
34
Let k be 1311/92*(13/3 - -1). Calculate the greatest common divisor of k and 19.
19
Let o(j) = 16*j + 88. Let t be o(3). Calculate the highest common factor of t and 255.
17
Suppose 3897*a - 3893*a = 12440. What is the greatest common factor of a and 10?
10
Suppose 2*c = b - 39, -4*b - 3*c + 167 = -0*c. Let v be (16/4)/8*328. Calculate the greatest common factor of v and b.
41
Let q(x) = -x**3 - 16*x**2 + 16*x - 20. Let h be q(-17). Let b be (0 - -4)/(-2 - h). Calculate the highest common factor of b and 16.
4
Suppose -6 - 78 = -y. Suppose 4*g - y = 68. What is the highest common factor of g and 95?
19
Suppose -928 = -101*y + 69*y. What is the greatest common divisor of y and 2059?
29
Let s(l) = 2*l**3 - 9*l**2 - 13*l + 105. Let a be s(6). Let d be (15/4)/(1/4). Calculate the greatest common divisor of a and d.
15
Suppose -c + 0 + 8 = 0. Suppose 0 = 3*v + 9*k - 8*k - 58, 0 = -4*v - 2*k + 76. What is the highest common divisor of v and c?
4
Suppose -2*r + 4536 = 4440. What is the greatest common divisor of r and 372?
12
Let a be (1 + (1 - 2))/(-1). Suppose a = -k + 5*j + 54, 2*k - 72 = -0*k + j. Calculate the highest common divisor of k and 238.
34
Suppose -7011 = -51*r - 2319. Calculate the highest common factor of r and 69.
23
Suppose 12 = 10*w - 8*w - 2*j, -5*j = -4*w + 21. Suppose 3*k + 2*k = -30. Let s be w/((-5)/(140/k)). Calculate the highest common divisor of s and 14.
14
Suppose 2*h + g = 5*h - 15, -5*g = 0. Suppose -5*z = h - 255. Let t = 247 - 122. What is the highest common divisor of t and z?
25
Let m = -41 + 65. Calculate the highest common factor of 108 and m.
12
Suppose -196 = 4*a - u, 3*a + 138 = 4*u - u. Let b = 72 + a. Let w = -152 - -218. Calculate the greatest common factor of w and b.
22
Let d be (-1 - 3)*(-18)/8. Let z = d - 8. Suppose 0 = v - 1. Calculate the greatest common factor of v and z.
1
Suppose 0 = -8*z + 32*z - 2376. Calculate the highest common divisor of 11 and z.
11
Suppose -144 = 12*x - 14*x. Suppose -4*c + 0*c + x = 0. What is the highest common divisor of c and 18?
18
Suppose -5*z + 78 = 8*z. Suppose z*p + 69 = 4*c + p, -2*p - 2 = 0. Calculate the highest common divisor of c and